{"id":62,"date":"2019-03-06T19:44:53","date_gmt":"2019-03-06T18:44:53","guid":{"rendered":"http:\/\/sts.wissen-macht-spass.net\/?page_id=62"},"modified":"2026-02-27T01:02:13","modified_gmt":"2026-02-27T00:02:13","slug":"kursuebesicht","status":"publish","type":"page","link":"https:\/\/sts.wissen-macht-spass.net\/?page_id=62","title":{"rendered":"Verzweigte Geschichten"},"content":{"rendered":"\n<h2 class=\"wp-block-heading\"><strong>Es gibt einen Workshop &#8222;Verzweigte Geschichten&#8220;.<\/strong><\/h2>\n\n\n\n<div class=\"wp-block-columns is-layout-flex wp-container-core-columns-is-layout-8f761849 wp-block-columns-is-layout-flex\">\n<div class=\"wp-block-column is-layout-flow wp-block-column-is-layout-flow\" style=\"flex-basis:33.33%\"><div class=\"wp-block-image\">\n<figure class=\"aligncenter size-full is-resized\"><img loading=\"lazy\" decoding=\"async\" width=\"569\" height=\"641\" src=\"https:\/\/sts.wissen-macht-spass.net\/wp-content\/uploads\/2025\/10\/summerday.jpg\" alt=\"\" class=\"wp-image-1801\" style=\"aspect-ratio:0.8876622602911505;width:247px;height:auto\" srcset=\"https:\/\/sts.wissen-macht-spass.net\/wp-content\/uploads\/2025\/10\/summerday.jpg 569w, https:\/\/sts.wissen-macht-spass.net\/wp-content\/uploads\/2025\/10\/summerday-266x300.jpg 266w\" sizes=\"auto, (max-width: 569px) 100vw, 569px\" \/><\/figure>\n<\/div><\/div>\n\n\n\n<div class=\"wp-block-column is-layout-flow wp-block-column-is-layout-flow\" style=\"flex-basis:66.66%\">\n<h3 class=\"wp-block-heading\">Videogames erz\u00e4hlen Geschichten. Selbst solche Games, die einfach nur Jump \u2018n Run Spiele sind. Mario zum Beispiel muss zusammen mit seinem Bruder Luigi Prinzessin Peach aus den F\u00e4ngen seines Erzfeindes Bowser befreien.<\/h3>\n<\/div>\n<\/div>\n\n\n\n<h3 class=\"wp-block-heading\">Was aber die Stories von Videogames von \u201enormalen\u201c B\u00fcchergeschichten oder Comics unterscheidet, ist, dass sie \u201e<strong>interaktiv<\/strong>\u201c sind. Das hei\u00dft, dass die Story sich im Laufe des Spiels ver\u00e4ndert.<\/h3>\n\n\n\n<div class=\"wp-block-columns is-layout-flex wp-container-core-columns-is-layout-8f761849 wp-block-columns-is-layout-flex\">\n<div class=\"wp-block-column is-layout-flow wp-block-column-is-layout-flow\" style=\"flex-basis:66.66%\">\n<h3 class=\"wp-block-heading\">Es gibt auch interaktive Stories, die nicht mit einem Spiel zusammenh\u00e4ngen, also solche, in denen sich die Leser f\u00fcr oder gegen bestimmte Spiele-Varianten entscheiden k\u00f6nnen: Gehe ich in den Wald oder zum Fluss? Spreche ich den Piraten an oder laufe ich vor ihm weg? Nehme ich das Fahrrad oder den Roller? Pizza oder D\u00f6ner?<\/h3>\n<\/div>\n\n\n\n<div class=\"wp-block-column is-layout-flow wp-block-column-is-layout-flow\" style=\"flex-basis:33.33%\"><div class=\"wp-block-image\">\n<figure class=\"alignleft size-full is-resized\"><img loading=\"lazy\" decoding=\"async\" width=\"558\" height=\"637\" src=\"https:\/\/sts.wissen-macht-spass.net\/wp-content\/uploads\/2025\/10\/so-gut.jpg\" alt=\"\" class=\"wp-image-1798\" style=\"aspect-ratio:0.8759991182548021;width:186px;height:auto\" srcset=\"https:\/\/sts.wissen-macht-spass.net\/wp-content\/uploads\/2025\/10\/so-gut.jpg 558w, https:\/\/sts.wissen-macht-spass.net\/wp-content\/uploads\/2025\/10\/so-gut-263x300.jpg 263w\" sizes=\"auto, (max-width: 558px) 100vw, 558px\" \/><\/figure>\n<\/div><\/div>\n<\/div>\n\n\n\n<h3 class=\"wp-block-heading\">Genau betrachtet sind das aber auch schon wieder nichts anderes als Spiele.<\/h3>\n\n\n\n<div class=\"wp-block-columns is-layout-flex wp-container-core-columns-is-layout-8f761849 wp-block-columns-is-layout-flex\">\n<div class=\"wp-block-column is-layout-flow wp-block-column-is-layout-flow\" style=\"flex-basis:33.33%\"><div class=\"wp-block-image\">\n<figure class=\"aligncenter size-full is-resized\"><img loading=\"lazy\" decoding=\"async\" width=\"483\" height=\"579\" src=\"https:\/\/sts.wissen-macht-spass.net\/wp-content\/uploads\/2025\/10\/leer2.jpg\" alt=\"\" class=\"wp-image-1797\" style=\"aspect-ratio:0.8342109305215857;width:217px;height:auto\" srcset=\"https:\/\/sts.wissen-macht-spass.net\/wp-content\/uploads\/2025\/10\/leer2.jpg 483w, https:\/\/sts.wissen-macht-spass.net\/wp-content\/uploads\/2025\/10\/leer2-250x300.jpg 250w\" sizes=\"auto, (max-width: 483px) 100vw, 483px\" \/><\/figure>\n<\/div><\/div>\n\n\n\n<div class=\"wp-block-column is-layout-flow wp-block-column-is-layout-flow\" style=\"flex-basis:66.66%\">\n<h3 class=\"wp-block-heading\">Wir wollen lernen, wie man interaktive Spiele selbst baut und wie man sie ver\u00f6ffentlichen kann. Dazu sehen wir uns kommerzielle Spiele an und schauen, wie sie gebaut sind. Und wir erz\u00e4hlen uns gegenseitig unsere Lieblingsgeschichten und \u00fcberlegen, ob sie auch anders ausgehen k\u00f6nnten. Oder ob unsere Helden in der Geschichte andere Entscheidungen h\u00e4tten treffen k\u00f6nnen. Also: Anders abgebogen sein k\u00f6nnten.<\/h3>\n<\/div>\n<\/div>\n\n\n\n<div class=\"wp-block-columns is-layout-flex wp-container-core-columns-is-layout-8f761849 wp-block-columns-is-layout-flex\">\n<div class=\"wp-block-column is-layout-flow wp-block-column-is-layout-flow\" style=\"flex-basis:66.66%\">\n<h3 class=\"wp-block-heading\">Dann erfinden wir in Zweierteams unsere eigenen Geschichten. Und die programmieren wir dann. Als Website mit Text oder als Animation. Und die pr\u00e4sentieren wir am Ende des Workshops den anderen Teilnehmenden oder unseren Familien oder unseren Freunden. Die sind alle eingeladen.<\/h3>\n<\/div>\n\n\n\n<div class=\"wp-block-column is-layout-flow wp-block-column-is-layout-flow\" style=\"flex-basis:33.33%\"><div class=\"wp-block-image\">\n<figure class=\"alignleft size-full is-resized\"><img loading=\"lazy\" decoding=\"async\" width=\"494\" height=\"463\" src=\"https:\/\/sts.wissen-macht-spass.net\/wp-content\/uploads\/2025\/10\/leer-1.jpg\" alt=\"\" class=\"wp-image-1809\" style=\"aspect-ratio:1.1226407731667822;width:236px;height:auto\" srcset=\"https:\/\/sts.wissen-macht-spass.net\/wp-content\/uploads\/2025\/10\/leer-1.jpg 494w, https:\/\/sts.wissen-macht-spass.net\/wp-content\/uploads\/2025\/10\/leer-1-300x281.jpg 300w\" sizes=\"auto, (max-width: 494px) 100vw, 494px\" \/><\/figure>\n<\/div><\/div>\n<\/div>\n\n\n\n<div class=\"wp-block-columns is-layout-flex wp-container-core-columns-is-layout-8f761849 wp-block-columns-is-layout-flex\">\n<div class=\"wp-block-column is-layout-flow wp-block-column-is-layout-flow\" style=\"flex-basis:33.33%\"><div class=\"wp-block-image\">\n<figure class=\"aligncenter size-full\"><img loading=\"lazy\" decoding=\"async\" width=\"575\" height=\"665\" src=\"https:\/\/sts.wissen-macht-spass.net\/wp-content\/uploads\/2025\/10\/stormy-night.jpg\" alt=\"\" class=\"wp-image-1800\" style=\"aspect-ratio:0.864638489372887\" srcset=\"https:\/\/sts.wissen-macht-spass.net\/wp-content\/uploads\/2025\/10\/stormy-night.jpg 575w, https:\/\/sts.wissen-macht-spass.net\/wp-content\/uploads\/2025\/10\/stormy-night-259x300.jpg 259w\" sizes=\"auto, (max-width: 575px) 100vw, 575px\" \/><\/figure>\n<\/div><\/div>\n\n\n\n<div class=\"wp-block-column is-layout-flow wp-block-column-is-layout-flow\" style=\"flex-basis:66.66%\">\n<h3 class=\"wp-block-heading\">Und wer will, kann seine Story auf unseren Servern ver\u00f6ffentlichen.<\/h3>\n<\/div>\n\n\n\n<div class=\"wp-block-column is-layout-flow wp-block-column-is-layout-flow\"><\/div>\n<\/div>\n\n\n\n<h3 class=\"wp-block-heading\">Das Ganze findet an den 4 Dienstagnachmittagen im M\u00e4rz in der <a href=\"http:\/\/www.berlin.de\/stadtbibliothek-mitte\/bibliotheken\/bibliothek-tiergarten-sued\/\" target=\"_blank\" rel=\"noreferrer noopener\">Bibliothek Tiergarten S\u00fcd <\/a>statt, immer 16\u00b0\u00b0 bis 19\u00b0\u00b0 Uhr.<\/h3>\n\n\n<div class=\"wp-block-image\">\n<figure class=\"aligncenter size-full\"><img loading=\"lazy\" decoding=\"async\" width=\"689\" height=\"469\" src=\"https:\/\/sts.wissen-macht-spass.net\/wp-content\/uploads\/2025\/10\/stormy-night-2.jpg\" alt=\"\" class=\"wp-image-1799\" srcset=\"https:\/\/sts.wissen-macht-spass.net\/wp-content\/uploads\/2025\/10\/stormy-night-2.jpg 689w, https:\/\/sts.wissen-macht-spass.net\/wp-content\/uploads\/2025\/10\/stormy-night-2-300x204.jpg 300w\" sizes=\"auto, (max-width: 689px) 100vw, 689px\" \/><\/figure>\n<\/div>\n\n\n<h3 class=\"wp-block-heading\">Was kostet das? \u2013 <strong>Nichts<\/strong>, das alles bezahlt das Land Berlin und die Europ\u00e4ische Union: Europa im Quartier.<\/h3>\n\n\n\n<h3 class=\"wp-block-heading\">Was muss man k\u00f6nnen, um mitzumachen? \u2013 <strong>Nichts <\/strong>au\u00dfer lesen, schreiben und sich f\u00fcr Geschichten interessieren.<\/h3>\n\n\n\n<h3 class=\"wp-block-heading\">Wer kann mitmachen? \u2013 <strong>Alle von 9 bis 14 Jahren<\/strong>, die spannende oder lustige Geschichten m\u00f6gen.<\/h3>\n\n\n\n<h3 class=\"wp-block-heading\">Wo kann man sich anmelden? <\/h3>\n\n\n\n<h2 class=\"wp-block-heading\"><strong><a href=\"https:\/\/sts.wissen-macht-spass.net\/?page_id=1931\" data-type=\"page\" data-id=\"1931\">Hier!<\/a><\/strong><\/h2>\n\n\n\n<p class=\"wp-block-paragraph\">&#8212;&#8212;&#8212;&#8212;&#8212;&#8212;&#8212;&#8212;&#8212;&#8212;&#8212;&#8212;&#8212;&#8212;&#8212;&#8212;&#8212;&#8212;&#8212;&#8212;&#8212;&#8212;&#8212;&#8212;&#8212;&#8212;&#8212;&#8212;&#8212;&#8212;&#8212;&#8212;&#8212;&#8212;&#8212;&#8212;&#8212;-<\/p>\n\n\n\n<p class=\"wp-block-paragraph\"><\/p>\n","protected":false},"excerpt":{"rendered":"<p>Es gibt einen Workshop &#8222;Verzweigte Geschichten&#8220;. Videogames erz\u00e4hlen Geschichten. Selbst solche Games, die einfach nur Jump \u2018n Run Spiele sind. Mario zum Beispiel muss zusammen mit seinem Bruder Luigi Prinzessin Peach aus den F\u00e4ngen seines Erzfeindes Bowser befreien. Was aber die Stories von Videogames von \u201enormalen\u201c B\u00fcchergeschichten oder Comics unterscheidet, ist, dass sie \u201einteraktiv\u201c sind.&hellip;<\/p>\n<p class=\"more-link\"><a href=\"https:\/\/sts.wissen-macht-spass.net\/?page_id=62\" class=\"themebutton\">Read More<\/a><\/p>\n","protected":false},"author":1,"featured_media":0,"parent":0,"menu_order":0,"comment_status":"closed","ping_status":"closed","template":"","meta":{"_crdt_document":"","footnotes":""},"class_list":["post-62","page","type-page","status-publish","hentry"],"_links":{"self":[{"href":"https:\/\/sts.wissen-macht-spass.net\/index.php?rest_route=\/wp\/v2\/pages\/62","targetHints":{"allow":["GET"]}}],"collection":[{"href":"https:\/\/sts.wissen-macht-spass.net\/index.php?rest_route=\/wp\/v2\/pages"}],"about":[{"href":"https:\/\/sts.wissen-macht-spass.net\/index.php?rest_route=\/wp\/v2\/types\/page"}],"author":[{"embeddable":true,"href":"https:\/\/sts.wissen-macht-spass.net\/index.php?rest_route=\/wp\/v2\/users\/1"}],"replies":[{"embeddable":true,"href":"https:\/\/sts.wissen-macht-spass.net\/index.php?rest_route=%2Fwp%2Fv2%2Fcomments&post=62"}],"version-history":[{"count":247,"href":"https:\/\/sts.wissen-macht-spass.net\/index.php?rest_route=\/wp\/v2\/pages\/62\/revisions"}],"predecessor-version":[{"id":1966,"href":"https:\/\/sts.wissen-macht-spass.net\/index.php?rest_route=\/wp\/v2\/pages\/62\/revisions\/1966"}],"wp:attachment":[{"href":"https:\/\/sts.wissen-macht-spass.net\/index.php?rest_route=%2Fwp%2Fv2%2Fmedia&parent=62"}],"curies":[{"name":"wp","href":"https:\/\/api.w.org\/{rel}","templated":true}]}}